 common factor of 38 and 1691.
19
What is the greatest common divisor of 35 and 150?
5
Calculate the greatest common divisor of 15 and 21.
3
What is the highest common factor of 28 and 196?
28
Calculate the highest common divisor of 826 and 112.
14
What is the highest common divisor of 42921 and 171?
171
What is the greatest common divisor of 24 and 462?
6
Calculate the greatest common divisor of 2385 and 1305.
45
What is the highest common factor of 152 and 2632?
8
What is the greatest common factor of 26 and 806?
26
What is the highest common divisor of 123 and 4059?
123
What is the highest common factor of 246 and 48?
6
Calculate the greatest common divisor of 6 and 48.
6
Calculate the greatest common factor of 47 and 3807.
47
What is the highest common divisor of 14 and 2310?
14
Calculate the highest common factor of 18746 and 91.
91
Calculate the greatest common divisor of 231 and 294.
21
Calculate the greatest common divisor of 94 and 658.
94
Calculate the greatest common divisor of 130 and 13.
13
What is the highest common factor of 272 and 1224?
136
What is the greatest common divisor of 1225 and 3920?
245
Calculate the greatest common factor of 2709 and 126.
63
What is the highest common divisor of 223 and 109493?
223
Calculate the greatest common factor of 154 and 110.
22
What is the highest common divisor of 16 and 8912?
16
What is the highest common factor of 1850 and 650?
50
Calculate the highest common divisor of 1 and 40.
1
What is the greatest common factor of 22 and 374?
22
Calculate the highest common factor of 483 and 21.
21
Calculate the greatest common divisor of 192 and 304.
16
Calculate the highest common divisor of 684 and 798.
114
Calculate the highest common divisor of 54 and 2.
2
Calculate the highest common divisor of 34 and 34.
34
Calculate the greatest common factor of 1539 and 228.
57
Calculate the greatest common factor of 52 and 8.
4
What is the greatest common factor of 512 and 160?
32
Calculate the highest common divisor of 871 and 13.
13
Calculate the greatest common factor of 1536 and 24.
24
What is the highest common divisor of 66 and 1518?
66
What is the greatest common divisor of 1175 and 47?
47
What is the greatest common divisor of 84 and 1884?
12
What is the greatest common divisor of 336 and 10992?
48
Calculate the highest common divisor of 25 and 85.
5
Calculate the greatest common factor of 8 and 296.
8
What is the greatest common factor of 22 and 319?
11
Calculate the greatest common factor of 135 and 15.
15
Calculate the greatest common factor of 116 and 98948.
116
Calculate the greatest common factor of 195 and 60.
15
Calculate the highest common divisor of 2 and 5.
1
What is the greatest common divisor of 61 and 14213?
61
What is the highest common factor of 48 and 18?
6
Calculate the greatest common factor of 6 and 1536.
6
What is the highest common factor of 462 and 385?
77
What is the greatest common factor of 48 and 9712?
16
What is the greatest common divisor of 260 and 160?
20
What is the highest common factor of 132 and 1408?
44
Calculate the highest common factor of 14 and 448.
14
What is the greatest common factor of 79 and 3160?
79
What is the highest common factor of 36 and 3?
3
What is the highest common factor of 57 and 5282?
19
What is the greatest common divisor of 224 and 14?
14
Calculate the highest common factor of 15 and 35.
5
What is the greatest common factor of 489 and 1630?
163
What is the greatest common divisor of 17 and 289?
17
Calculate the greatest common divisor of 2413 and 19.
19
What is the greatest common divisor of 528 and 48?
48
Calculate the highest common factor of 972 and 300.
12
Calculate the highest common divisor of 124 and 1271.
31
What is the greatest common factor of 344 and 8?
8
What is the highest common factor of 24 and 4248?
24
What is the highest common factor of 7 and 112?
7
Calculate the greatest common factor of 6 and 162.
6
What is the highest common factor of 188 and 94?
94
Calculate the greatest common factor of 123 and 12.
3
What is the highest common factor of 618 and 18?
6
Calculate the greatest common divisor of 90 and 8910.
90
What is the highest common factor of 5555 and 55?
55
Calculate the greatest common factor of 3542 and 672.
14
What is the highest common divisor of 950 and 1520?
190
Calculate the greatest common factor of 924 and 264.
132
Calculate the greatest common divisor of 1984 and 558.
62
Calculate the highest common factor of 32 and 10152.
8
What is the highest common divisor of 574 and 14?
14
Calculate the greatest common factor of 28 and 896.
28
What is the greatest common divisor of 114 and 48?
6
What is the greatest common factor of 190 and 7910?
10
Calculate the highest common factor of 63 and 1953.
63
What is the highest common divisor of 150 and 12750?
150
Calculate the greatest common factor of 5 and 420.
5
Calculate the highest common factor of 1652 and 531.
59
What is the highest common divisor of 6 and 426?
6
What is the greatest common factor of 6 and 10428?
6
What is the greatest common factor of 140 and 100?
20
What is the highest common factor of 247 and 91?
13
What is the highest common factor of 125 and 225?
25
What is the highest common factor of 210 and 378?
42
What is the greatest common divisor of 18 and 15?
3
Calculate the greatest common divisor of 24 and 22928.
8
What is the highest common factor of 1444 and 1520?
76
What is the greatest common factor of 51 and 204?
51
What is the greatest common factor of 559 and 39?
13
Calculate the greatest common factor of 21 and 371.
7
Calculate the greatest common factor of 1584 and 44.
44
What is the greatest common divisor of 13 and 143?
13
What is the highest common divisor of 224 and 14?
14
Calculate the greatest common divisor of 209 and 55.
11
Calculate the highest common factor of 215 and 5.
5
What is the highest common divisor of 9894 and 51?
51
What is the greatest common factor of 3399 and 66?
33
Calculate the highest common divisor of 162 and 594.
54
What is the greatest common factor of 2014 and 76?
38
Calculate the greatest common divisor of 24 and 48.
24
Calculate the highest common divisor of 336 and 2112.
48
Calculate the greatest common divisor of 124 and 62.
62
What is the greatest common divisor of 3488 and 224?
32
What is the greatest common factor of 8 and 7?
1
What is the highest common factor of 9 and 1017?
9
Calculate the highest common divisor of 35 and 140.
35
What is the highest common factor of 42 and 14?
14
What is the highest common divisor of 2016 and 777?
21
Calculate the greatest common divisor of 8 and 44.
4
Calculate the highest common factor of 59 and 767.
59
Calculate the greatest common factor of 320 and 3600.
80
What is the highest common divisor of 690 and 405?
15
Calculate the greatest common divisor of 52 and 71396.
52
Calculate the highest common divisor of 304 and 1102.
38
What is the greatest common divisor of 153 and 207?
9
Calculate the highest common factor of 44 and 44.
44
Calculate the greatest common divisor of 189 and 126.
63
What is the highest common divisor of 3 and 159?
3
What is the highest common factor of 28 and 126?
14
What is the greatest common factor of 94 and 423?
47
Calculate the highest common factor of 49 and 30233.
49
Calculate the highest common divisor of 598 and 52.
26
What is the highest common divisor of 160 and 352?
32
What is the greatest common divisor of 11 and 16?
1
What is the highest common divisor of 19440 and 450?
90
Calculate the greatest common factor of 3519 and 161.
23
Calculate the greatest common factor of 3781 and 19.
19
Calculate the highest common factor of 12 and 444.
12
What is the highest common factor of 1134 and 84?
42
What is the highest common divisor of 36 and 124?
4
What is the highest common factor of 7 and 1043?
7
Calculate the greatest common factor of 42 and 182.
14
What is the highest common factor of 217 and 343?
7
Calculate the greatest common divisor of 279 and 9393.
93
Calculate the highest common divisor of 1341 and 45.
9
What is the highest common factor of 1740 and 276?
12
What is the greatest common divisor of 1505 and 860?
215
What is the greatest common divisor of 36 and 14?
2
Calculate the highest common factor of 18 and 360.
18
Calculate t